lculate (63 - 76) + (2 - -14).
3
What is the value of (1 - (7 + -9)) + -9 + (10 - 5)?
-1
Evaluate (-1014 - -1005) + 0 + 16.
7
Evaluate -10 - (0 - (-22 - -16)).
-16
What is the value of -8 + (3 - -22 - 1) + -8?
8
What is the value of (-5 - 11) + 4 + 8?
-4
16 + (36 + -1 - 22)
29
Evaluate -10 - 6 - ((-1 + -2 - -2) + -4).
-11
What is the value of (10 - 0 - 0) + -1 + -11?
-2
Calculate (-9 - 0) + (7 - -16) + -17.
-3
What is (-60 - -33 - (-9 - 0)) + 8?
-10
Calculate 42 + -38 + 54 - 30.
28
What is 1 + -24 + 11 + -2?
-14
-21 + (-5 - (-3 + -1)) + (-22 - -17)
-27
What is 13 - ((10 - 1) + -1 + -1 + -4)?
10
(-14 - (-9 + -25)) + -30
-10
What is the value of 3 + -2 + 3 + 15 + -15 + -14?
-10
Calculate -40 + 0 + 3 - (64 - 76).
-25
Calculate -11 - 3 - (4 - 29).
11
-1 - ((-5 - -3) + -8) - 7
2
Calculate -4 + 27 + -1 + 305 + -311.
16
Evaluate (21 - 13) + (5 - 29) + -9.
-25
Calculate -16 + 9 - -3 - 4.
-8
Calculate 5 - (18 - (6 + (-18 - -8))).
-17
8 + (20 + -18 - 5 - (-2 + -1))
8
(-465 - -520) + (-37 - -1)
19
What is 16 + -10 + -4 - (-3 - 13 - -1)?
17
-9 + (10 - (-8 - 1))
10
What is the value of -2 - (-3 - -1) - (14 + -35)?
21
Evaluate -3 + (-31 + 18 - -23) + (-3 - 1).
3
-11 + (-2 + (5 - 17) - -6)
-19
What is -1 - -6 - (3 + 17 + (-16 - -1))?
0
Evaluate (-31 - -34) + -16 - 17.
-30
What is the value of -10 - -6 - -7 - 18 - -2?
-13
Calculate 34 + -26 + -8 + 0 - 16.
-16
Evaluate 13 + -12 - (3 - 4 - (1 + 0)).
3
Calculate 9 + -4 + 0 + (-3 - 0).
2
Calculate 37 + -21 - 12 - 6.
-2
What is the value of 5 - (4 + 4 - 1)?
-2
-13 - 1 - (-29 + 24)
-9
Evaluate -18 + 5 + 12 - (-2 - -1 - 0).
0
What is 9 - (-4 + 1 - -6) - 8?
-2
Evaluate -5 + -1 + -145 + 147 - -33.
29
What is the value of 13 + 10 + (-3 - 11 - -11)?
20
What is (-2 - -5) + 2 + 7 - (-52 - -27)?
37
What is (1 - -6 - (-12 - -17)) + 6?
8
What is 728 + -732 - (-11 - (0 - -2))?
9
What is the value of 23 + 4 + (-56 - -30)?
1
What is -28 - (-37 + (-3 - -11))?
1
What is (9 - -1) + (-51 - -30) + 30?
19
What is -1 + 0 + -33 + 29 - -14?
9
Calculate -17 + (2 + -25 - -39).
-1
What is 6 - (13 + -1 + (10 + -3 - -26))?
-39
What is the value of 0 + 2 - (11 + (-6 - -7) + -5)?
-5
14 - (-31 - -20) - ((1 - 0) + 3)
21
Evaluate -9 + 10 + -12 + 4 + -2.
-9
Calculate -36 - (-10 - (0 - -16)).
-10
Calculate -922 - -945 - (1 - -7).
15
Calculate (2 - 3) + (-147 + 127 - (-15 - -3)).
-9
What is -8 - (20 + -33 - -11)?
-6
Evaluate -7 - -8 - (33 - 28).
-4
(-58 - (-15 + -23)) + -7 + 1
-26
Evaluate 46 - 24 - (13 - 4).
13
Evaluate (-10 - ((-6 - 10) + 5)) + 0.
1
Calculate -6 + (30 + -14 - -6) - -4.
20
Calculate -15 + 1 - (29 + -7 - 13 - 7).
-16
Calculate -2 + 0 - -5 - ((9 - 23) + 11).
6
0 + 13 + 202 + -190 + -7
18
Evaluate -10 + -1 + -130 + 133.
-8
Evaluate (8 - 11 - (-14 - 1)) + -30.
-18
Evaluate (-1 - -2 - -13) + 20 + -12 + -3.
19
What is -31 - (6 + -34 + 15)?
-18
Evaluate 10 + -2 + (12 + -5 - 37) - 1.
-23
Evaluate 94 + -86 - (1 + 0 + 16).
-9
(-5 - 25 - -3) + -8 + (-13 - -20)
-28
Calculate -22 + (17 - ((-23 - -18) + 6)).
-6
Evaluate 12 + (-10 - 0) - -3.
5
Calculate (-1 - 13) + (60 - 62).
-16
Evaluate -4 + 2 + 6 - 3 - -5.
6
-5 + 37 - 26 - -9
15
Evaluate (-1 - 14) + -1320 + 1345.
10
What is (-10 - -2) + (-1 - -8) + 2?
1
-9 + 6 + -5 + -5 + -5
-18
-13 - -19 - 0 - 14 - (-22 + -1)
15
-32 - -20 - (12 + -12)
-12
What is the value of -12 + (18 - 18) + 13 + -33?
-32
Calculate -23 + (-59 - -29 - -15).
-38
Calculate -10 - (-10 - -21 - 10).
-11
What is the value of -9 + 6 + 10 + (8 - 10)?
5
-13 - (-33 + 15) - -9
14
What is 8 - (2 + -7 - (21 + -14 - 2))?
18
What is the value of (1 - 59) + (302 - 260)?
-16
-12 - (15 - (0 - -16))
-11
Calculate 15 + -27 + -1 + 10.
-3
What is 22 - 28 - 3 - -2?
-7
What is (-9 - (-11 - (-21 + 16))) + 5?
2
Evaluate -2 - (-10 - -22) - -9.
-5
29 + 18 + -31 + 3
19
0 - (-1 - -1) - (58 - (-11 + 61))
-8
(43 - 26) + 11 + -22
6
Calculate -3 - ((-19 + 8 - -10) + 3 + -2).
-3
What is -2 + -3 + 16 + (-8 - 13)?
-10
What is the value of 3 + (-28 + -10 - -39)?
4
Evaluate -14 + (5 - -2) + (6 - (0 + -10)).
9
Evaluate 1 + (-8 - (-9 + (-9 - -7 - -9))).
-5
What is the value of 5 + (-15 + 9 - -18) - -13?
30
What is (43 - 20 - 32) + -1?
-10
Calculate (-2 - 10 - ((-12 - -15) + -19)) + 6.
10
Calculate -11 + (38 - -1 - 17) + -33 + 1.
-21
(-1 - -2 - (10 - 11)) + -5 + -20
-23
(77 - (-3 - -65)) + 23 + -1
37
-3 - (27 + -22) - -21
13
What is 7 + 10 + 7 + -15 + 3?
12
What is the value of 5 - (-8 + 12 + -1)?
2
What is 1 - (15 + -14) - 13?
-13
0 - -1 - (-203 + 212)
-8
Evaluate 9 + -2 + -1 + -2 - (-28 - -39).
-7
Evaluate 21 - (17 + -13 - -25).
-8
Calculate 0 - -8 - 1 - (-19 - 9 - -23).
12
Evaluate -46 - (-26 + 72 + -61).
-31
Evaluate -1 - -4 - (52 + -27 + -4).
-18
What is the value of (16 - (-6 - -4)) + -14?
4
What is the value of -15 + 25 + (-26 - (-1 + -16))?
1
Evaluate -33 + 25 + -1 + 1 + -3.
-11
What is the value of (0 - -1) + 0 - -2 - (-279 + 284)?
-2
(6 - (-1 + -5 - (-6 + -2))) + -12
-8
Evaluate -29 + 4 + -39 - -29.
-35
What is the value of -125 + 142 - (12 + 3)?
2
What is the value of 16 + -23 - -17 - -6?
16
5 - (1 + 3 + -21) - (-117 - -115)
24
Evaluate 14 - -27 - (26 - 3).
18
What is the value of (5 - 14) + 15 + 8 + -3 + 0?
11
What is the value of -27 - -35 - (-1 - -16 - -1)?
-8
What is -31 + 28 + (-29 - -37)?
5
What is -2 + -1 + (90 - 83) - -9?
13
Calculate 46 + -44 + (-6 - 5).
-9
What is the value of 8 + (17 - 6 - -1)?
20
9 - (4 + -1 - (-48 + 44))
2
Evaluate -4 + (12 - -2) - (38 - 20 - 2).
-6
Calculate 8 - (-5 - (-1 + 8) - (-45 + 36)).
11
What is the value of 10 + (25 - 18) + -27?
-10
Evaluate 5 + (-4 - (2 + -5 - (-20 - -17))).
1
What is 17 + -1 - (-6 - (-20 - -4))?
6
4 - (5 - 1) - -1
1
Evaluate -8 + (9 - (27 + -7 + 4)).
-23
Calculate -26 - (-6 + -16) - -14.
10
Evaluate -7 + (2 + -3 - (-7 - -11)) + 1.
-11
6 + (-5 - (0 - 1)) - -4
6
(-2 + -4 + (1 - -7) - 5) + -7
-10
Evaluate -5 + -9 + 16 + 1 + -3.
0
-13 - (-21 + 12 - 13) - (15 - 7)
1
Calculate 1 + -10 + 4 + -2 + 2 - -10.
5
What is the value of (18 - 37) + -9 + -9 + 32?
-5
What is the value of -4 + 14 + -5 + 8 + -18?
-5
What is 4 + (-12 - -8) - (-7 + -3)?
10
Evaluate 6 + 2 + (-165 - -168).
11
Evaluate -28 + (-23 + 13 - -64).
26
Evaluate -47 + 43 - (-12 - 2).
10
Calculate -557 + 540 - (3 + -7).
-13
Evaluate -56 + 73 + -1 + -2.
14
What is the value of -14 + (6 + -6 - -5)?
-9
10 + (6 - 6) + -10 + 16
16
What is 11 + 1 - ((-44 - -21) + 14 - 0)?
21
1 - (-6 - -1 - 6)
12
Calculate 23 + (-3 - 13) + 10.
17
Calculate -11 + -20 + 15 + 1 + (-1 - -3).
-13
Calculate -1 - (1 + (5 - 1) + 5).
-11
(-34 + 45 - 10) + 14
15
Evaluate (-1 - 1) + (-11 - 24 - -40).
3
What is the value of -2 + (10 - 1 - -3)?
10
What is the value of 1 + (4 - (14 + -4))?
-5
What is (8 - 4) + 12 - (290 - 297)?
23
Calculate 5 + (-17 - -3) - -19 - -4.
14
What is (7 + -8 - -6) + (20 - 33) + 8?
0
Evaluate (56 - 43 - 23) + 31.
21
Calculate 0 + -19 - (-493 + 484).
-10
Calculate (17 - 1) + (-12 - -20 - 11).
13
What is -24 - -15 - (-8 + 3 + -6) - 7?
-5
Evaluate (150 - 159 - (0 + -8)) + 20.
19
20 - (1 - (9 + -21 + 4))
11
What is the value of 7 - 0 - (-2 - (-2 + -2 + 2))?
7
-1 + -7 + -33 + 3 + 28
-10
What is (18 - 0) + (-456 - -431)?
-7
What is the value of -27 - (-8 - (9 + -24) - (18 + -5))?
-21
What is (-145 - -89) + -1 + 31?
-26
(2 - (0 - -8)) + (-8 - (13 - 14))
-13
Calculate -1 + (-8 - 1) - -16 - (2 - 4).
8
What is the value of -15 + 6 - (-18 + -6 - -6)?
9
What is -31 + (37 - (18 + -22))?
10
Evaluate 8 + -18 + 11 + (-3 - -5).
3
-9 + (28 - 35 - (-5 + 1))
-12
Calculate (-292 - -269) + (2 - -52).
31
What is -2 + -2 + (7 - (13 + -7))?
-3
What is -57 + -39 + 62 + 25?
-9
-201 - -206 - (2 - -5) - -2
0
What is the value of 14 - ((1 - 9) + 14 + -22)?
30
Calculate 8 + -18 + (4 - 18) + -1.
-25
Evaluate (9 - 0) + -4 + (-20 - -10) + 17.
12
-2 - (10 + (13 - 20))
-5
Evaluate 2 - (0 - (-3 + -7 + (0 - -5))).
-3
Evaluate (1 - (2 + -1 - (-21 - -6))) + 3.
-12
What is 14 + -3 - (6 + 12) - -7?
0
What is the value of (-4 + -26 - -17) + -8?
-21
Calculate -7 + -12 + (16 - -4 - (-2 - -12)).
-9
What is (3 - (27 + -5)) + 6 - (5 - 4)?
-14
-16 - -21 - -21 - 13
13
What is the value of (-5 + 6 - (-1 - 11)) + -7 - 4?
2
Evaluate -5 + (-4 + 1 - -4) + 0 + 12.
8
Evaluate 10 + (9 + -19 - -10) + -4 + -24.
-18
-1 + 1 - (-7 - (-14 - (11 - 21)))
3
Evaluate -9 + (-36 - -34) + (-16 - (2 - 0)).
-29
Calculate (-2 